st common factor of r and n.
16
Suppose -7*i + 105 = -49. Let c = -21 + i. What is the highest common divisor of c and 8?
1
Let l(u) = 10*u**2 + 5*u + 3. Let h be l(-1). What is the highest common factor of h and 64?
8
Let w(h) = 4*h**2 + 3*h - 64. Let y be w(7). What is the greatest common factor of y and 27?
9
Let y(p) = -p**2 - 4*p + 13. Let v be y(-6). Let r(f) = 10*f**3 - f**2 - 2*f + 1. Let i be r(v). Calculate the highest common divisor of i and 40.
8
Suppose 6*j + 426 = -0*j. Let v = j - -251. Calculate the greatest common divisor of 18 and v.
18
Suppose -8*j = -6*j - 364. Suppose 10 - 34 = -3*v. Suppose j = -6*y + v*y. Calculate the greatest common divisor of y and 13.
13
Let o(q) = -2*q**2 - 15*q - 17. Let s be o(-7). Let p = 24 + s. Calculate the highest common divisor of 112 and p.
14
Let w be 18/((-730)/(-91) + -3 + -5). Calculate the highest common factor of 91 and w.
91
Let a = 25 + -22. Suppose a*q = 71 + 115. Let z(u) = 21*u**2 + 7*u - 5. Let k be z(2). Calculate the greatest common factor of k and q.
31
Suppose -628*l = -621*l - 4592. Calculate the highest common factor of l and 41.
41
Let p = 45 + -5. Suppose 2*f - r - 80 = -17, f + 3*r - 21 = 0. Let m be ((-4)/5)/((-3)/f). What is the highest common divisor of m and p?
8
Let b be ((-374)/(-5))/(211/2110). What is the highest common divisor of 220 and b?
44
Suppose 2*a - 1 = -4*r + 5, -r = -2*a - 14. Suppose -4*m - 6 = -3*q - m, -5*q = -r*m - 9. What is the greatest common factor of q and 12?
1
Suppose 29*o - 26*o = 507. What is the greatest common divisor of 234 and o?
13
Let o = -122 + 123. Let h(b) = 18*b**2 + 2*b. Let j be h(o). Let w(g) = -219*g + 1. Let n be w(-1). What is the highest common divisor of j and n?
20
Let b = -48 + 62. Suppose -2*q = -b - 8. What is the highest common factor of q and 33?
11
Let g be 1*4*(-135)/(-120)*10. Calculate the highest common factor of g and 510.
15
Let i(n) = -n + 6*n + 19*n + 15*n. Let x be i(3). Let j(f) = f**2 + 4. Let t be j(-3). What is the highest common divisor of t and x?
13
Let s(v) = -v**3 + 12*v**2 - 5*v - 13. Let a be s(4). Calculate the highest common divisor of 19 and a.
19
Suppose -l + 5*l - 3*q - 7241 = 0, -5*l - 2*q + 9034 = 0. Calculate the highest common factor of l and 48.
16
Let b = 257 - 220. What is the highest common factor of 481 and b?
37
Let k = -7722 + 7746. Suppose -g + 4*n + 19 + 24 = 0, -n + 104 = 4*g. Let q = 87 - g. What is the greatest common divisor of k and q?
12
Let o(a) = a**3 - 2*a**2 + 3*a - 5. Suppose 2*u - 21 = -11. Let f be o(u). Let w = -3 + 37. What is the highest common factor of w and f?
17
Let p(n) = -38*n + 46. Let k be p(-8). Suppose 0*r = 14*r - k. Calculate the greatest common divisor of 225 and r.
25
Let g(w) = -4*w**2 + 3*w + 1. Let t be g(-2). Let j be 6/t - 368/(-14). Suppose -j = -h - h. What is the highest common divisor of 91 and h?
13
Let j(f) = 7*f**2 - 2*f - 9. Let k be j(4). Let z be (342/k)/(3/260). Suppose r + 2*r - z = 0. What is the highest common factor of 26 and r?
26
Let c(q) = -100*q - 57. Let s be c(-4). What is the greatest common divisor of s and 49?
49
Let a be (-1347)/(-12) - (-5)/(-20). Calculate the greatest common divisor of 8 and a.
8
Let m(q) be the third derivative of -2*q**4/3 - q**3/2 - 18*q**2. Let s be m(-3). What is the highest common divisor of s and 15?
15
Let t(w) = w**3 - 5*w**2 - 13*w + 14. Let x be t(8). Let d = x - -13. What is the greatest common factor of d and 23?
23
Suppose 2*h = -2*f - 0*f + 32, -3*h = f - 12. Let j be (-218)/(-9) + (-4)/f. What is the greatest common factor of 24 and j?
24
Let o be (7 + 210/(-9))*-3. What is the greatest common factor of 21 and o?
7
Suppose o + 68 + 17 = 0. Let v = o + 102. What is the greatest common factor of 170 and v?
17
Let g = -29 + 40. Let l(x) = -x**2 - 20*x + 23. Let o be l(-21). Let y be ((-99)/o)/((-3)/6). What is the highest common factor of g and y?
11
Suppose -16*t + 62 = -66. What is the highest common factor of 12 and t?
4
Suppose 4*j + 4*o = 5304, 1936 + 3371 = 4*j + 5*o. What is the greatest common divisor of 63 and j?
63
Let l(j) = -j**2 + 3*j + 3. Let h be l(3). Suppose -h*i + 760 = i - 4*q, -i = q - 192. Suppose 3*w - 124 = i. Calculate the greatest common divisor of 15 and w.
15
Suppose 6 = 5*u - 14. Suppose -2*h + 5*o = -4, -u*h + 2*o + o = -36. What is the highest common divisor of 4 and h?
4
Let c = 1 + 2. Suppose 2*l = c*l - 17. Suppose y - 25 = -5*x, -4*y = -2*y - x - l. What is the greatest common factor of 15 and y?
5
Let a = 2520 + -2501. Calculate the greatest common factor of a and 38.
19
Suppose 0 = 2*s - 138 + 112. Suppose -11 = -s*f + 12*f. Let m be (33/2)/((-6)/(-16)). Calculate the greatest common factor of f and m.
11
Let k = -77 + 62. Let p = 7 - k. Calculate the greatest common factor of 11 and p.
11
Suppose -5*t - 2 = 5*r - 107, 3*r + 1 = t. Calculate the highest common divisor of 336 and t.
16
Suppose -4*t + 3*t + 15 = 0. Let s(h) = -h + 30. Let f be s(t). Calculate the greatest common factor of 30 and f.
15
Suppose -12 = 4*t, -2 = -q + 5*t - 3. Let p be (-4)/q - (-892)/16. Suppose -5*y + 32 = -y. Calculate the highest common factor of p and y.
8
Let f(v) = 2*v**3 - 2*v**2 + v - 1. Let p be f(2). Suppose 0 = -0*o + 2*o - 162. Calculate the highest common divisor of p and o.
9
Suppose 0*v = -2*v + 8. Suppose 5*q + v = -6. Let r(b) = -18*b - 1. Let u be r(q). What is the highest common factor of u and 105?
35
Suppose -2*f + 5*p = -410, -102*p = 5*f - 100*p - 967. What is the greatest common factor of f and 135?
15
Let k be (21 - 3)/(-9)*-4. Calculate the highest common factor of k and 86.
2
Let g = -27 + 52. Let z = g - 20. Calculate the highest common divisor of z and 55.
5
Let o be ((-9)/(27/(-660)))/2. Let q(z) = 4 + 5*z - 4*z - 3 + 10*z**2. Let b be q(-1). What is the greatest common factor of o and b?
10
Let x be (4/10)/((-6 + 7)/5). Suppose 2*t + 3*c - 2*c = 252, -492 = -4*t + c. Let y be 4/18 - t/(-9). Calculate the greatest common divisor of x and y.
2
Let u(v) = -v**2 + 0*v - 2*v**3 + 2*v + 2*v**2 + 2*v**2. Let a be u(-1). Let q be 94/a + (-4)/(-6). What is the highest common divisor of 64 and q?
32
Let y be 1174 + 7 + (-3 - 0). Calculate the greatest common divisor of 31 and y.
31
Suppose -r = 3*r - 544. Let f(l) = l**3 - 7*l**2 - 16*l + 81. Let b be f(8). What is the highest common factor of b and r?
17
Let p = 740 - 731. Calculate the greatest common divisor of 603 and p.
9
Let m = 438 - 252. Calculate the greatest common divisor of 6 and m.
6
Suppose -6 = 2*l + 2*a - 44, 2 = a. Let n be (-1*1)/((-4)/244). Let t = -27 + n. What is the highest common divisor of t and l?
17
Suppose 0 = -5*v - 2*z + 373, 3*v - 23 = -5*z + 216. Calculate the greatest common factor of 584 and v.
73
Let l(o) = -o**3 - 17*o**2 + 19*o + 22. Let i be l(-18). Suppose -39 = -i*j + 217. What is the highest common factor of 16 and j?
16
Suppose 0 = -19*a + 1584 + 6320. Calculate the highest common divisor of a and 24.
8
Let w = 184 - 168. Suppose 6*o = 11*o + 230. Let v = -22 - o. Calculate the greatest common divisor of v and w.
8
Let s be (212/(-8) - 1)*-2. What is the highest common divisor of 605 and s?
55
Suppose 3*h + 3*a - 33 = 0, h + 4*h + 2*a = 70. What is the highest common divisor of 80 and h?
16
Suppose -91*r = -140*r + 44982. What is the highest common factor of r and 102?
102
Let h be 1 - 4 - (-28 + 23). What is the greatest common divisor of 2 and h?
2
Let j = -23 + 31. What is the highest common divisor of j and 56?
8
Let z(d) = d**3 + 3*d**2 + 3*d + 3. Let c be z(-2). Let k be (-4)/(-8)*c*8. Suppose 0 = -s - k*s + 125. What is the highest common factor of s and 5?
5
Let a(n) = 2*n**3. Let c be a(1). Let s be -132*(3 - (c - 0)). Let t be 486/11 + 24/s. What is the highest common factor of t and 4?
4
Let f(o) = 5*o**2 - 3. Let r be f(-2). What is the greatest common divisor of r and 51?
17
Let u be 27/33 + 4/22. Let j be (768/36)/(u/3). Calculate the highest common divisor of j and 8.
8
Let j = 103 + -31. Let y = 4 + -1. Let g be (27/(-4))/(y/(-8)). What is the greatest common factor of j and g?
18
Suppose 3*g - 247 = 9*m - 4*m, 4*m + 164 = 2*g. Suppose q - 2*q = -g. What is the greatest common divisor of q and 12?
12
Let u(c) = -27*c - 8. Let s be u(-1). Let